 668. Let g be 55/3 - (-4)/6. Calculate the greatest common factor of g and w.
19
Suppose -24570 = -20*j - 15*j - 7*j. What is the highest common divisor of j and 54?
9
Let z = 72604 + -42394. What is the greatest common factor of z and 20?
10
Suppose -5*r + 2*r = -2*k - 2747, -5*r + 3*k + 4579 = 0. What is the greatest common divisor of 28 and r?
7
Let a be (-4 + 1)*10/((-120)/(-12)). Let w be -3 - ((-4 - a) + -228 - 2). Calculate the greatest common divisor of 12 and w.
12
Suppose -12*i + 2981 + 6975 = -8404. Calculate the highest common divisor of 105 and i.
15
Let f be ((-2)/(-2))/(59/606343). Calculate the greatest common divisor of 239 and f.
239
Let v be 6*11*(-3)/(-2). Let x(p) = -20*p - 25. Let s be x(-3). Suppose -s*f = -32*f - 99. What is the greatest common divisor of f and v?
33
Let s(n) = 3*n**2 + 175*n - 1803. Let w be s(-68). Calculate the greatest common divisor of w and 351.
13
Let z = -367409 + 367431. Let y = 24 + 70. Suppose -4*t + 2*n + y = -3*t, -2*n - 270 = -3*t. Calculate the highest common factor of z and t.
22
Let i be 6 - (-28)/7*854. What is the highest common factor of i and 295?
59
Let u = 535 + -531. Let y(g) = -g + 13. Let v be y(9). Suppose -2*p = -3*l + 11, 0 = v*l - 0*p + p. What is the greatest common divisor of u and l?
1
Suppose -293*r + 81031 = -7162. What is the highest common factor of 23779 and r?
301
Let w = -464 - -317. Let j = w + 236. Suppose j = 8*q + 9. What is the greatest common divisor of 30 and q?
10
Suppose 0 = -8*f + 197 + 171. Let m = 46 - f. Suppose 4*g - 139 - 85 = m. Calculate the greatest common divisor of g and 28.
28
Let n = -51 - -69. Let l(f) = -21 - 8*f + 4*f - 3. Let u be l(-12). Calculate the greatest common factor of u and n.
6
Let i = 77 - 77. Suppose i*n + 903 = 3*l + 3*n, -n - 1523 = -5*l. Let f = l - 204. What is the greatest common divisor of f and 10?
10
Suppose -5*v + 251 = -n, -86 = -2*v - 84*n + 88*n. What is the highest common factor of v and 3?
3
Suppose -5*m + 4*d = 0, -m + d - 17 = -4*m. Let x = 50413 + -50389. What is the highest common factor of x and m?
4
Let s(f) = 4*f**2 + 6*f - 98. Let z be s(8). Let n = -190 + z. Calculate the highest common factor of n and 16.
16
Let b be 2/15 + (-178)/(-15). Let r be 17*(-6 + b + -5). Calculate the highest common factor of 68 and r.
17
Let q be (-62)/(6*1/21 + (-21)/49). Calculate the greatest common factor of q and 98.
14
Suppose 30*r = 3*j + 33*r - 183, -2*r = -5*j + 354. Calculate the greatest common divisor of j and 6511.
17
Suppose 4*t = -2*h - 3*h + 48, 2*t - 4*h = -2. Let k be (t/1)/((-2)/(-10)). Suppose -145 = -5*g - k. What is the greatest common factor of 11 and g?
11
Let b be 152 + ((8/(-2))/(-1) - -2). Suppose -b = i - 5*i + k, -k - 38 = -i. Calculate the greatest common factor of 2 and i.
2
Let k(q) = 16*q + 2. Let a be k(2). Let n be 15002/221 - (-2)/17. Suppose -721*h - n = -722*h. What is the highest common divisor of h and a?
34
Suppose -2*w = -37 + 9. Suppose 0 = 6*z - 5*z - w. Suppose 2*h = 130 + 122. Calculate the greatest common factor of h and z.
14
Suppose 0 = -26*h + 30*h + 884. Let r = h + 251. What is the greatest common factor of 6 and r?
6
Suppose 0 = h - 3*h + 58. Suppose 3*l - h = -11. Let i(b) = 179*b - 356. Let x be i(2). What is the highest common divisor of l and x?
2
Suppose 21 = a - 25. Suppose 11*v = a + 31. Suppose -j = -2*j + 63. Calculate the greatest common divisor of v and j.
7
Let k = 79 - -188. Let a = k + -237. Calculate the greatest common divisor of 60 and a.
30
Let n = 176 - 92. Let z = -30 - -366. Suppose -3*b = 3*b - z. What is the greatest common divisor of n and b?
28
Suppose 5082 + 729 = 46*i - 307. Let m(p) = -p**3 + 7*p**2 - 3*p + 1. Let s be m(6). What is the greatest common factor of s and i?
19
Suppose -34800 = -38*o + 22*o. Calculate the greatest common factor of o and 75.
75
Let n(k) = -k + 13. Let g be n(-3). Suppose 7*v = 5 + g. Let x be (-6)/v - (-3)/1. What is the greatest common factor of 2 and x?
1
Let k be ((-28)/(-5))/((-40)/300). Let t = k - -50. Let f = t - 0. What is the greatest common factor of 56 and f?
8
Suppose 4*m = -m + 15. Suppose 11*v - m*v - 1872 = 0. Suppose 24 - v = -5*o. Calculate the greatest common factor of 14 and o.
14
Suppose -3*c - 59 = -71. Suppose 2*f = -4, 6*p - 57 = p - c*f. Suppose 2*w = p + 23. Calculate the highest common divisor of 27 and w.
9
Let t(k) be the first derivative of k**3/3 + 13*k**2/2 - 65*k - 206. Let n be t(-18). Calculate the greatest common factor of 95 and n.
5
Let v = -3881 + 3957. Calculate the greatest common factor of v and 16.
4
Let h = 42 + 66. Suppose -5*c - 7 = -n, 0 = -3*n - c - 34 - 25. Let v be (n - 408/(-20))/((-2)/(-10)). Calculate the highest common factor of v and h.
12
Let g be 1/(-1 + 68/66). Suppose 747*a - 703*a = 968. What is the greatest common divisor of a and g?
11
Suppose 1105 = -38*i + 4601. Calculate the greatest common divisor of 115 and i.
23
Let u = 560 + -560. Suppose 9*i - 1196 + 71 = u. Calculate the highest common factor of i and 50.
25
Let t = 2522 + -2486. Let l be (16/5)/(108/45 - 2). What is the greatest common divisor of l and t?
4
Suppose 0 = -4*o + 11*c - 12*c + 12549, -5*c - 9383 = -3*o. Calculate the greatest common factor of 49 and o.
49
Suppose -5*k - 40429 = -3*p, 5*k - 27011 = 1433*p - 1435*p. What is the greatest common divisor of 12 and p?
12
Let k = -6 - -10. Suppose k*v - 2*v - 176 = 0. Let u = -1760 + 1768. What is the greatest common factor of v and u?
8
Let l(j) = 9*j**2 + 91*j + 1484. Let m be l(-16). Calculate the greatest common factor of 22 and m.
22
Suppose w + 4*a - 208 = 0, -w - 27*a + 188 = -28*a. What is the highest common divisor of 108 and w?
12
Let r = 24909 + -24870. Let y(n) = 2*n**2 - 7*n + 3. Let g be y(-6). Calculate the greatest common factor of r and g.
39
Suppose -4*y + 24 = 24. Let n be y - -846 - 1*(1 - 5). What is the greatest common factor of n and 34?
34
Suppose -5*o + 21 = 1. Let i = 6 - o. Suppose -7*k + 54 + 69 = 109. Calculate the highest common divisor of i and k.
2
Let t = -4 - -6. Let b be 1 + 174 + t + -1. Suppose 3*f + 4*z - 10 = 56, z = -f + 22. Calculate the greatest common divisor of f and b.
22
Suppose 3*o - 108 = -3*m - 75, 0 = 5*m + 20. Calculate the highest common divisor of o and 276.
3
Suppose 748*f - 2640 = 743*f. What is the highest common factor of 624 and f?
48
Suppose 92*o = 36*o + 118776. Calculate the highest common divisor of 21 and o.
21
Let v(w) = -28*w - 50. Let a(m) = 14*m + 25. Let f(c) = -11*a(c) - 6*v(c). Let g be f(5). What is the greatest common factor of g and 152?
19
Let p(b) = 12 - 23*b + 14*b + 12*b. Let a be p(-4). Suppose a = 6*o - 494 - 430. What is the highest common divisor of 14 and o?
14
Let u(k) = -2*k**3 + 193*k**2 - 205*k - 1255. Let x be u(95). What is the highest common divisor of x and 135?
135
Let c = 234 + -230. Suppose -5*y + 644 = 3*i, c*i + 9 = 1. What is the greatest common factor of 5 and y?
5
Suppose -4*j + 2*j - 62 = 0. Let t(b) = b**3 + 31*b**2 - 3*b - 66. Let w be t(j). What is the highest common divisor of 279 and w?
9
Let y = -1972 + 1950. Let n(k) be the first derivative of -5*k**2/2 + 10*k + 2. Let t be n(y). What is the greatest common factor of t and 30?
30
Let w(u) = -8*u - 86. Let d be w(-11). Let n be 68/3*(d + 1). Calculate the greatest common divisor of 4 and n.
4
Suppose 1 = -3*v + 4*i - 4, 5*v = -i + 30. Suppose v*s = -6*s. Suppose s = 4*h - 85 - 251. What is the highest common factor of h and 14?
14
Let l(k) = -k + 8. Let s be l(4). Suppose -3*h = o - 59, -3*o + s*o - 57 = -5*h. What is the highest common divisor of o and 682?
62
Let i be (-2 + -1)*-1 - -7. Let u(z) = 26*z**3 - 4*z**2 + 5*z - 5. Let c be u(2). Let q = c - 117. What is the highest common divisor of q and i?
10
Let a = -1753 + 3006. Let s = a - 707. Calculate the highest common divisor of s and 42.
42
Let i = -11 + 11. Suppose w - o + i - 37 = 0, -3*o = -5*w + 183. Let t = -23 + 47. What is the highest common factor of w and t?
12
Let g = 130 - 128. Suppose 0 = g*w, 2*n - w = -3*n + 90. What is the greatest common divisor of 126 and n?
18
Let t be (2/6)/(4 + (-1001)/252). Suppose 7*i = 55 - 27. Calculate the greatest common divisor of t and i.
4
Suppose -2*z + q + 9017 = 0, 2459 = 3*z +